{"version":"1.0","provider_name":"Festival du Bois","provider_url":"https:\/\/www.festivaldubois.ca\/fr\/","author_name":"john","author_url":"https:\/\/www.festivaldubois.ca\/fr\/author\/john\/","title":"Festival Artists 2019 - Festival du Bois","type":"rich","width":600,"height":338,"html":"<blockquote class=\"wp-embedded-content\" data-secret=\"2QkXQmshFK\"><a href=\"https:\/\/www.festivaldubois.ca\/fr\/artist\/festival-artists-2019\/\">Festival Artists 2019<\/a><\/blockquote><iframe sandbox=\"allow-scripts\" security=\"restricted\" src=\"https:\/\/www.festivaldubois.ca\/fr\/artist\/festival-artists-2019\/embed\/#?secret=2QkXQmshFK\" width=\"600\" height=\"338\" title=\"\u00ab\u00a0Festival Artists 2019\u00a0\u00bb &#8212; Festival du Bois\" data-secret=\"2QkXQmshFK\" frameborder=\"0\" marginwidth=\"0\" marginheight=\"0\" scrolling=\"no\" class=\"wp-embedded-content\"><\/iframe><script type=\"text\/javascript\">\n\/* <![CDATA[ *\/\n\/*! This file is auto-generated *\/\n!function(d,l){\"use strict\";l.querySelector&&d.addEventListener&&\"undefined\"!=typeof URL&&(d.wp=d.wp||{},d.wp.receiveEmbedMessage||(d.wp.receiveEmbedMessage=function(e){var t=e.data;if((t||t.secret||t.message||t.value)&&!\/[^a-zA-Z0-9]\/.test(t.secret)){for(var s,r,n,a=l.querySelectorAll('iframe[data-secret=\"'+t.secret+'\"]'),o=l.querySelectorAll('blockquote[data-secret=\"'+t.secret+'\"]'),c=new RegExp(\"^https?:$\",\"i\"),i=0;i<o.length;i++)o[i].style.display=\"none\";for(i=0;i<a.length;i++)s=a[i],e.source===s.contentWindow&&(s.removeAttribute(\"style\"),\"height\"===t.message?(1e3<(r=parseInt(t.value,10))?r=1e3:~~r<200&&(r=200),s.height=r):\"link\"===t.message&&(r=new URL(s.getAttribute(\"src\")),n=new URL(t.value),c.test(n.protocol))&&n.host===r.host&&l.activeElement===s&&(d.top.location.href=t.value))}},d.addEventListener(\"message\",d.wp.receiveEmbedMessage,!1),l.addEventListener(\"DOMContentLoaded\",function(){for(var e,t,s=l.querySelectorAll(\"iframe.wp-embedded-content\"),r=0;r<s.length;r++)(t=(e=s[r]).getAttribute(\"data-secret\"))||(t=Math.random().toString(36).substring(2,12),e.src+=\"#?secret=\"+t,e.setAttribute(\"data-secret\",t)),e.contentWindow.postMessage({message:\"ready\",secret:t},\"*\")},!1)))}(window,document);\n\/\/# sourceURL=https:\/\/www.festivaldubois.ca\/wp-includes\/js\/wp-embed.min.js\n\/* ]]> *\/\n<\/script>\n","description":"Bienvenue \u00e0 la 30e \u00e9dition du Festival du Bois! Joignez-vous \u00e0 nous au parc Mackin, de Coquitlam du 22 au 24 mars afin de vivre une exp\u00e9rience de musique francophone, folk et du monde avec une panoplie d\u2019artistes aussi fabuleux les uns que les autres, des ateliers de musique ainsi qu\u2019une programmation jeunesse avec la [&hellip;]"}

Bienvenue à la 30e édition du Festival du Bois! Joignez-vous à nous au parc Mackin, de Coquitlam du 22 au 24 mars afin de vivre une expérience de musique francophone, folk et du monde avec une panoplie d’artistes aussi fabuleux les uns que les autres, des ateliers de musique ainsi qu’une programmation jeunesse avec la [&hellip;]
