{"version":"1.0","provider_name":"Festival du Bois","provider_url":"https:\/\/www.festivaldubois.ca\/fr\/","author_name":"john","author_url":"https:\/\/www.festivaldubois.ca\/fr\/author\/john\/","title":"Gabriel Dubreuil Trio - Festival du Bois","type":"rich","width":600,"height":338,"html":"<blockquote class=\"wp-embedded-content\" data-secret=\"GeJ8MlVozO\"><a href=\"https:\/\/www.festivaldubois.ca\/fr\/artist\/gabriel-dubreuil-trio\/\">Gabriel Dubreuil Trio<\/a><\/blockquote><iframe sandbox=\"allow-scripts\" security=\"restricted\" src=\"https:\/\/www.festivaldubois.ca\/fr\/artist\/gabriel-dubreuil-trio\/embed\/#?secret=GeJ8MlVozO\" width=\"600\" height=\"338\" title=\"\u00ab\u00a0Gabriel Dubreuil Trio\u00a0\u00bb &#8212; Festival du Bois\" data-secret=\"GeJ8MlVozO\" frameborder=\"0\" marginwidth=\"0\" marginheight=\"0\" scrolling=\"no\" class=\"wp-embedded-content\"><\/iframe><script type=\"text\/javascript\">\n\/* <![CDATA[ *\/\n\/*! This file is auto-generated *\/\n!function(d,l){\"use strict\";l.querySelector&&d.addEventListener&&\"undefined\"!=typeof URL&&(d.wp=d.wp||{},d.wp.receiveEmbedMessage||(d.wp.receiveEmbedMessage=function(e){var t=e.data;if((t||t.secret||t.message||t.value)&&!\/[^a-zA-Z0-9]\/.test(t.secret)){for(var s,r,n,a=l.querySelectorAll('iframe[data-secret=\"'+t.secret+'\"]'),o=l.querySelectorAll('blockquote[data-secret=\"'+t.secret+'\"]'),c=new RegExp(\"^https?:$\",\"i\"),i=0;i<o.length;i++)o[i].style.display=\"none\";for(i=0;i<a.length;i++)s=a[i],e.source===s.contentWindow&&(s.removeAttribute(\"style\"),\"height\"===t.message?(1e3<(r=parseInt(t.value,10))?r=1e3:~~r<200&&(r=200),s.height=r):\"link\"===t.message&&(r=new URL(s.getAttribute(\"src\")),n=new URL(t.value),c.test(n.protocol))&&n.host===r.host&&l.activeElement===s&&(d.top.location.href=t.value))}},d.addEventListener(\"message\",d.wp.receiveEmbedMessage,!1),l.addEventListener(\"DOMContentLoaded\",function(){for(var e,t,s=l.querySelectorAll(\"iframe.wp-embedded-content\"),r=0;r<s.length;r++)(t=(e=s[r]).getAttribute(\"data-secret\"))||(t=Math.random().toString(36).substring(2,12),e.src+=\"#?secret=\"+t,e.setAttribute(\"data-secret\",t)),e.contentWindow.postMessage({message:\"ready\",secret:t},\"*\")},!1)))}(window,document);\n\/\/# sourceURL=https:\/\/www.festivaldubois.ca\/wp-includes\/js\/wp-embed.min.js\n\/* ]]> *\/\n<\/script>\n","description":"Il nous a \u00e9pat\u00e9 en 2015 et il revient cette ann\u00e9e : il s\u2019agit de\u00a0Gabriel Dubreuil, talentueux violoniste de la Colombie-Britannique. Il r\u00e9side \u00e0 Vancouver et \u00e0 Boston, o\u00f9 il suit ses \u00e9tudes au prestigieux Berklee College of Music. Avec une sagesse musicale d\u00e9passant de loin son jeune \u00e2ge, il poss\u00e8de de solides connaissances et [&hellip;]","thumbnail_url":"https:\/\/www.festivaldubois.ca\/wp-content\/uploads\/2016\/01\/Gabriel-dubreuil-Filtered.jpg"}

Il nous a épaté en 2015 et il revient cette année : il s’agit de Gabriel Dubreuil, talentueux violoniste de la Colombie-Britannique. Il réside à Vancouver et à Boston, où il suit ses études au prestigieux Berklee College of Music. Avec une sagesse musicale dépassant de loin son jeune âge, il possède de solides connaissances et [&hellip;]
